Let z(h) = -h**3 - 7*h**2 - 8*h - 6. Determine z(d).
6
Let h = -7 - -19. Suppose n = 3*l + h, 4*l - 5*n + 20 = -l. Let j(o) = o**2 - o + 2 + 6*o + o. Give j(l).
-6
Suppose -2*o - o + 9 = 0. Suppose 5*d = -2 - o. Let a(x) = -1 - 6*x + 8*x**2 + 6*x. Calculate a(d).
7
Let m(r) = -4*r + 3. Let c(j) = 1. Let s(w) = 6*c(w) - m(w). Give s(-3).
-9
Let a = -87 - -83. Let c(p) = p**2 + p - p**3 - 5*p**2 + 0*p - 1. Calculate c(a).
-5
Let k(t) = -5*t - 3. Let l(a) = 5*a + 3. Let y(q) = -7*k(q) - 6*l(q). Let m(o) = 4*o + 4. Let v(p) = -6*m(p) + 5*y(p). Let h = -1 + 5. Determine v(h).
-5
Let r(m) = -m**3 + 6*m**2 + 8*m - 6. Let g(p) = p**2 - 6*p + 7. Let c be g(6). Calculate r(c).
1
Let w(i) be the third derivative of -i**6/15 - 7*i**2. Determine w(-1).
8
Let h(i) = 0*i**3 + 3*i**2 + i**2 - 1 - i**3. Determine h(3).
8
Let a(n) = n + 7. Let p be a(-4). Suppose p*x = 11 - 5. Let d(m) = -2*m**3 - 4 + m - 2*m**x + 5 + m**3. Calculate d(-3).
7
Let j = 22 - 22. Let y(i) = i**3 - i + 1. Calculate y(j).
1
Let i(a) = 2*a - 1. Let o be 7*6/(-7)*1. Let z be (0 - -3) + o/2. Suppose -4*s + c + 9 = 0, z*s + 4*s + c + 1 = 0. Determine i(s).
1
Let d(j) = -2*j**2 + 11*j + 3*j**2 - 6*j**2 - j**3 + 7 - 4*j. What is d(-6)?
1
Let z = 24 - 13. Let g = 18 - z. Let c(k) = -g*k - 1 + 0 - 1 - 1 - k**2. What is c(-6)?
3
Let r(s) = s**2 - 4*s + 2. Let m be 4 + (0 + 0 - -1). Let d = -11 + m. Let n = d - -10. Determine r(n).
2
Let n = 3 - 3. Suppose o + n*o - q = 1, 4*o + q = 9. Let f(t) = -7*t + t**o - 2*t**2 - 4 - 2. Give f(-5).
4
Let p be 2/(3/(-6)*2). Let s be 3 + (p - -1) + 5. Let q(w) = -s + 3*w - 3*w - w**2. Give q(0).
-7
Let t(o) = 9*o - o - 2 - o**2 - o - 2*o. Let n = -21 - -25. Calculate t(n).
2
Let n(v) = 24*v - 161 + 80 + 82. Determine n(-1).
-23
Let s be -1 + -1 + 2/1. Let o(t) = -t**3 - 3*t**2 + 2*t - 1. Let h(i) = i**2 - i + 1. Let b(p) = -3*h(p) - o(p). Give b(s).
-2
Let w(q) be the first derivative of -3 + 1/3*q**3 - 3/2*q**2 - 7*q. Determine w(5).
3
Let o(t) = t + 5. Suppose 3*z + 50 = 3*a + 11, -2*z + 4*a = 22. Let n be (-26)/8 + z/20. Calculate o(n).
1
Let q(d) = d**3 - 6*d**2 + d - 3. Suppose -5*a + 24 = -6. Give q(a).
3
Let t be -4 + 2 + 2/1. Let a(o) be the third derivative of -o**5/60 - o**3/3 - 10*o**2. What is a(t)?
-2
Let d(u) = -16*u - 36. Let y be d(-2). Let j(r) = r - 4*r - 5*r**2 - 1 - 3*r - r**3. Determine j(y).
7
Let x(l) = -l + 3. Let o(n) = -2*n**2 - 5*n + 8. Let z be o(-5). Let j = -13 - z. Determine x(j).
-1
Let l(g) = -g**3 - g - 1. Let k(m) = -m**3 - m**2 - m - 1. Let f(n) = 6*k(n) - 5*l(n). What is f(-6)?
5
Let q be -5*3*((-33)/9 + 4). Let x(u) = -u**2 - 3*u + 5. What is x(q)?
-5
Let o(v) = -5*v - 2 - 1 + 6*v - 2*v. Let f = 7 - 11. Give o(f).
1
Let b = 3 - 1. Let y(h) = -5 + 3*h - 4 - b*h. Suppose -2*m + 4*v - 4 = 0, 3*m - 21 = -3*v + 9. Determine y(m).
-3
Let t(m) = -2*m - 1. Let b be t(-3). Let o(r) = -r + 2. Determine o(b).
-3
Suppose 2*h = 3*h + 7. Let m = h - -4. Let k(w) = -3*w. Determine k(m).
9
Suppose -p + 2 = -0*y + y, -4*p + 4*y + 32 = 0. Let c(t) = -t + 5. Calculate c(p).
0
Let j(m) = -m**2 + m - 9. Suppose 4*r = -2*i + 40, i + 3*r + 0 = 24. Suppose -i*h + 10*h = 0. What is j(h)?
-9
Let w(i) = -i**2 + 6*i. Let a be 9 - 6*3/6. Give w(a).
0
Let r(o) be the second derivative of o**3/6 - o**2/2 - 2*o - 34. What is r(-7)?
-8
Let m(k) = -k**3 + 10*k**2 - 9*k + 11. Suppose 4*r - 52 = -4*w, -3*w - 17 = -4*r + 7. What is m(r)?
11
Let q be ((-9)/(27/2))/((-1)/6). Let w(f) = -f**3 + 5*f**2 - 2*f - 5. Determine w(q).
3
Let t(n) = 4 + 0 + 0*n + 2*n. Suppose -15 = b - 4*b. Suppose -b*y - 2 = 18. What is t(y)?
-4
Suppose -3*d - 2*u = -2*d + 2, -u = 3. Let v(t) = 2*t - 2. Calculate v(d).
6
Let i(j) = 2 + 6*j - 3 + 2. Let u(l) = l**2 + 11*l - 3. Let x be u(-11). What is i(x)?
-17
Let j(b) = -b**2 + 4*b - 6. Suppose 0 = f - 0*f - 4. Calculate j(f).
-6
Let q(a) be the first derivative of -a**2 + 2*a + 5 + 2/3*a**3. Calculate q(2).
6
Let a(y) = -y**2 - y. Let d(m) = 7*m**2 - 4*m + 13. Let s(z) = 5*a(z) + d(z). Let l(i) = i**2 - 4*i + 6. Let v(q) = -9*l(q) + 4*s(q). Give v(0).
-2
Let t(f) = -f**2 + 7*f - 13. Let o be t(6). Let r(m) = -m**3 - 8*m**2 - 6*m + 4. Determine r(o).
-3
Let s(d) = -d. Suppose 3 = 7*v - 4*v. Let g be (-3 + v + 1)*-5. What is s(g)?
-5
Let p = 0 + 1. Let f(y) = 2*y**3 - y + 4. Let a(c) = c**3 + 1. Let s(g) = 3*a(g) - f(g). What is s(p)?
1
Let t be 1/8 + (-132)/32. Let y(m) = -m**3 - 4*m**2 + 2*m. Determine y(t).
-8
Let t(b) be the third derivative of b**9/60480 - b**8/20160 - b**7/5040 - b**5/30 + b**2. Let w(n) be the third derivative of t(n). What is w(2)?
2
Let s(n) be the third derivative of n**6/120 - n**5/15 - n**4/3 - 5*n**3/6 - 29*n**2. Calculate s(6).
19
Suppose -17*u + 15*u = 6. Let q(c) = c**3 + 1. Let a be q(1). Let l(t) = -t + 5*t + 3*t**a - 2*t**2. Determine l(u).
-3
Let r(q) = -3*q - 3. Let p(b) = -b**2 - 2*b + 4. Let o be p(0). Calculate r(o).
-15
Let f(j) = -2*j**3 - 2*j**2 - 11*j + 5. Let z(b) = -b**3 - 3*b**2 - 10*b + 4. Let q(r) = 2*f(r) - 3*z(r). What is q(6)?
10
Let m(y) = 8 - 3 + 0 + 3*y - 3. Calculate m(-3).
-7
Let n(u) = -u**2 + 4*u - 3. Suppose 2*b = -f + 7, -b + 2*b - 3*f - 7 = 0. Let p(y) = -y**2 + 3*y - 1. Let x be p(3). Let d = b + x. Give n(d).
0
Let s(l) be the third derivative of l**6/120 + l**5/10 + l**4/3 + 5*l**3/6 - 7*l**2. Determine s(-5).
-10
Suppose -5*p - 3 = 3*b, -b - 2 = 3*p - 1. Let r(x) = x - 4*x - 2*x. Let k(z) = -z. Let d(a) = b*r(a) + 6*k(a). What is d(-1)?
1
Let m = 9 + 12. Let q = m - 15. Let w(h) = 2*h - 6. Give w(q).
6
Let s(u) = u + 3 - u**2 + 3*u**2 + 3*u - u. Give s(-2).
5
Let i(f) be the second derivative of -f**4/4 - 7*f**3/6 - 2*f**2 - 21*f. Give i(-4).
-24
Let d(a) = -10*a**2 - 12*a + 10. Let z(v) = -3*v**2 - 4*v + 3. Let n(h) = -2*d(h) + 7*z(h). Calculate n(-3).
4
Let g(m) = m**2 - 3. Let u(h) = h + 1. Let w be u(-4). Let t be w/6*6/1. What is g(t)?
6
Let w(i) = 3*i**2 - 7*i - 5*i**2 - 2 + 3*i**2 - 3. Calculate w(4).
-17
Let b(v) = v**3 + 5*v**2 - 5*v + 7. Suppose -17 = 3*m + 1. Give b(m).
1
Let a be 21/(-5) - (5 - (-26)/(-5)). Let c(y) = 4*y. Give c(a).
-16
Suppose 3*n - 6 = 3*w, 0*w = -w - 4*n + 18. Suppose 8 = w*r - 2. Let y(c) = c**3 - 2 - 4*c**2 + 0 + 1 - 5*c. Give y(r).
-1
Let k(o) = -o**3 + 5. Let t be (-6)/39 + 12/78. What is k(t)?
5
Let b(u) be the first derivative of u**4/4 + u**3 + u**2/2 + 4*u + 18. What is b(-3)?
1
Let r(h) = -4*h**2 - 2*h - 3. Let l(s) = s**2 - 6*s - 2. Let f be l(6). Determine r(f).
-15
Let m(d) = -d**2 + 5*d + 6. Suppose 2*q - 25 = -5*n, 2*q = 6*q. What is m(n)?
6
Let k(v) = -3*v**2 - 4*v - 2. Let o(q) = -q. Let s = -6 - -8. Let x be o(s). What is k(x)?
-6
Let o(u) = u + 8. Suppose 0 = -3*r + 8*r - 30. Suppose -r*h = -h. Let j = h - 4. Calculate o(j).
4
Let u be (2 - (2 + -2)) + 3. Let m(p) = 3*p + p**2 + 2*p + u - p - 2*p**2. Suppose 3*w - 9 = 3*g, -2*g - 3*g = -4*w + 9. Determine m(w).
-7
Let z(b) = b**2 - b - 6. Let y(x) = x**2 + x. Let m = 4 - 4. Let d be y(m). Determine z(d).
-6
Suppose -2*v + 5 = 1. Let y(s) = 0 - s - s + 3*s + v. Give y(-2).
0
Suppose 46 = 2*g + 20. Let n = 7 - g. Let f(y) = y**2 + 8*y + 6. Determine f(n).
-6
Let x(z) = -1 + 2*z + 2*z**2 + z**2 + 2*z**3 - 5*z**3 - 4*z**2. Suppose -2*a - 4 = -6. Calculate x(a).
-3
Let p be -2 - (-1)/(3/(-9)). Let q(z) = 2*z + 7. Let v be q(p). Let x(f) be the second derivative of 2*f**3/3 + f**2 - 2*f. Calculate x(v).
-10
Let u(v) = -v + 9. Suppose -79 = -3*t + 35. Suppose 3*x + 2*j - 7*j = -t, 4*x = -4*j - 8. Let m = x - -6. Determine u(m).
9
Let o(k) be the first derivative of -2*k**2 + 4*k + 14. What is o(4)?
-12
Let s(k) = k - 335 + 0*k + 336. What is s(-6)?
-5
Let h(z) be the first derivative of -z**2/2 + 2*z - 3. Let n be h(7). Let r(c) = c - 1. Let l(f) = 2*f - 4. Let p(g) = -3*l(g) + 8*r(g). Calculate p(n).
-6
Let j(v) = v**2 - 6*v - 1. Let l be j(6). Let c(f) = -f. Let p be c(-3). Let s(b) = 5 - p - 2*b**2 + 4*b - 2*b - 1. What is s(l)?
-3
Let q(u) = -5*u**2 + 6*u**2 + 0*u**2 - u - 2 - 4*u**2. Calculate q(-2).
-12
Suppose -4*i + 17 = -v + 2, 4*i - 4*v = 0. Let f = i - 4. Let q(h) = 7*h + 1. Give q(f).
8
Let u(o) be the second derivative of o**4/12 + o**3/6 + 5*o**2/2 + o. Let g be u(0). Let h(b) = -1 - b**2 - 1 + 2 + 4*b - 3. Give h(g).
-8
Let t = 12 + -7. Let u be t - 3 - 